{"id":71,"date":"2020-02-17T21:35:41","date_gmt":"2020-02-17T20:35:41","guid":{"rendered":"https:\/\/www.christellehide.com\/?page_id=71"},"modified":"2021-03-09T21:50:13","modified_gmt":"2021-03-09T20:50:13","slug":"pratiques-narratives","status":"publish","type":"page","link":"https:\/\/www.christellehide.com\/index.php\/pratiques-narratives\/","title":{"rendered":"Pratiques narratives"},"content":{"rendered":"<section class=\"av_textblock_section \"  itemscope=\"itemscope\" itemtype=\"https:\/\/schema.org\/CreativeWork\" ><div class='avia_textblock  '   itemprop=\"text\" ><p>Apparue dans les ann\u00e9es 70, l&rsquo;approche narrative fait partie des th\u00e9rapies br\u00e8ves et est orient\u00e9e <strong>identit\u00e9<\/strong>.<\/p>\n<p>Elle est\u00a0fond\u00e9e sur l\u2019id\u00e9e que<strong>\u00a0les r\u00e9cits<\/strong> que nous produisons en permanence sur notre vie peuvent soit nous enfermer, soit nous lib\u00e9rer, et qu\u2019il existe toujours une multiplicit\u00e9 de points de vue pour rendre compte d\u2019une situation.<\/p>\n<p>Le praticien narratif guide aussi les personnes vers la <strong>dissolution de leurs probl\u00e8mes<\/strong> en consid\u00e9rant que ces derniers sont des constructions situ\u00e9es \u00e0 l\u2019ext\u00e9rieur des personnes, comme des personnages avec qui elles seraient en interaction contraignante.<\/p>\n<p>Tout un chacun poss\u00e8de des <strong>comp\u00e9tences<\/strong>, des <strong>savoirs de vie<\/strong>, des <strong>valeurs<\/strong>, des croyances, des engagements, des aspirations, des d\u00e9sirs, des espoirs et une \u00e9thique qui le rendent capable de r\u00e9duire les probl\u00e8mes qu&rsquo;il rencontre et de reprendre une influence positive sur sa propre vie. Je propose une travers\u00e9e o\u00f9 vous serez invit\u00e9 \u00e0 vous connecter aux v\u00f4tres, au moyen de questions transformantes donnant lieu \u00e0 des conversations singuli\u00e8res empruntant des chemins jamais connus d&rsquo;avance.<\/p>\n<p>Le r\u00e9sultat visible est de retrouver de la <strong>s\u00e9r\u00e9nit\u00e9<\/strong>, de la <strong>force<\/strong> et de l&rsquo;<strong>\u00e9nergie<\/strong> ainsi que :<\/p>\n<ul>\n<li>du pouvoir et de la<strong> libert\u00e9 de choix<\/strong><\/li>\n<li>de la <strong>capacit\u00e9 \u00e0 agir<\/strong> et de la cr\u00e9ativit\u00e9<\/li>\n<\/ul>\n<\/div><\/section>\n","protected":false},"excerpt":{"rendered":"","protected":false},"author":1,"featured_media":0,"parent":0,"menu_order":0,"comment_status":"closed","ping_status":"closed","template":"","meta":[],"yoast_head":"<!-- This site is optimized with the Yoast SEO plugin v17.1 - https:\/\/yoast.com\/wordpress\/plugins\/seo\/ -->\n<title>Pratiques narratives - Christelle Hide<\/title>\n<meta name=\"robots\" content=\"noindex, follow, max-snippet:-1, max-image-preview:large, max-video-preview:-1\" \/>\n<meta property=\"og:locale\" content=\"fr_FR\" \/>\n<meta property=\"og:type\" content=\"article\" \/>\n<meta property=\"og:title\" content=\"Pratiques narratives - Christelle Hide\" \/>\n<meta property=\"og:url\" content=\"https:\/\/www.christellehide.com\/index.php\/pratiques-narratives\/\" \/>\n<meta property=\"og:site_name\" content=\"Christelle Hide\" \/>\n<meta property=\"article:modified_time\" content=\"2021-03-09T20:50:13+00:00\" \/>\n<meta name=\"twitter:card\" content=\"summary_large_image\" \/>\n<meta name=\"twitter:label1\" content=\"Dur\u00e9e de lecture est.\" \/>\n\t<meta name=\"twitter:data1\" content=\"1 minute\" \/>\n<script type=\"application\/ld+json\" class=\"yoast-schema-graph\">{\"@context\":\"https:\/\/schema.org\",\"@graph\":[{\"@type\":\"WebSite\",\"@id\":\"https:\/\/www.christellehide.com\/#website\",\"url\":\"https:\/\/www.christellehide.com\/\",\"name\":\"Christelle Hide\",\"description\":\"Relation d&#039;aide - Accompagnement\",\"potentialAction\":[{\"@type\":\"SearchAction\",\"target\":{\"@type\":\"EntryPoint\",\"urlTemplate\":\"https:\/\/www.christellehide.com\/?s={search_term_string}\"},\"query-input\":\"required name=search_term_string\"}],\"inLanguage\":\"fr-FR\"},{\"@type\":\"WebPage\",\"@id\":\"https:\/\/www.christellehide.com\/index.php\/pratiques-narratives\/#webpage\",\"url\":\"https:\/\/www.christellehide.com\/index.php\/pratiques-narratives\/\",\"name\":\"Pratiques narratives - Christelle Hide\",\"isPartOf\":{\"@id\":\"https:\/\/www.christellehide.com\/#website\"},\"datePublished\":\"2020-02-17T20:35:41+00:00\",\"dateModified\":\"2021-03-09T20:50:13+00:00\",\"breadcrumb\":{\"@id\":\"https:\/\/www.christellehide.com\/index.php\/pratiques-narratives\/#breadcrumb\"},\"inLanguage\":\"fr-FR\",\"potentialAction\":[{\"@type\":\"ReadAction\",\"target\":[\"https:\/\/www.christellehide.com\/index.php\/pratiques-narratives\/\"]}]},{\"@type\":\"BreadcrumbList\",\"@id\":\"https:\/\/www.christellehide.com\/index.php\/pratiques-narratives\/#breadcrumb\",\"itemListElement\":[{\"@type\":\"ListItem\",\"position\":1,\"name\":\"Accueil\",\"item\":\"https:\/\/www.christellehide.com\/index.php\/christelle-hide\/\"},{\"@type\":\"ListItem\",\"position\":2,\"name\":\"Pratiques narratives\"}]}]}<\/script>\n<!-- \/ Yoast SEO plugin. -->","yoast_head_json":{"title":"Pratiques narratives - Christelle Hide","robots":{"index":"noindex","follow":"follow","max-snippet":"max-snippet:-1","max-image-preview":"max-image-preview:large","max-video-preview":"max-video-preview:-1"},"og_locale":"fr_FR","og_type":"article","og_title":"Pratiques narratives - Christelle Hide","og_url":"https:\/\/www.christellehide.com\/index.php\/pratiques-narratives\/","og_site_name":"Christelle Hide","article_modified_time":"2021-03-09T20:50:13+00:00","twitter_card":"summary_large_image","twitter_misc":{"Dur\u00e9e de lecture est.":"1 minute"},"schema":{"@context":"https:\/\/schema.org","@graph":[{"@type":"WebSite","@id":"https:\/\/www.christellehide.com\/#website","url":"https:\/\/www.christellehide.com\/","name":"Christelle Hide","description":"Relation d&#039;aide - Accompagnement","potentialAction":[{"@type":"SearchAction","target":{"@type":"EntryPoint","urlTemplate":"https:\/\/www.christellehide.com\/?s={search_term_string}"},"query-input":"required name=search_term_string"}],"inLanguage":"fr-FR"},{"@type":"WebPage","@id":"https:\/\/www.christellehide.com\/index.php\/pratiques-narratives\/#webpage","url":"https:\/\/www.christellehide.com\/index.php\/pratiques-narratives\/","name":"Pratiques narratives - Christelle Hide","isPartOf":{"@id":"https:\/\/www.christellehide.com\/#website"},"datePublished":"2020-02-17T20:35:41+00:00","dateModified":"2021-03-09T20:50:13+00:00","breadcrumb":{"@id":"https:\/\/www.christellehide.com\/index.php\/pratiques-narratives\/#breadcrumb"},"inLanguage":"fr-FR","potentialAction":[{"@type":"ReadAction","target":["https:\/\/www.christellehide.com\/index.php\/pratiques-narratives\/"]}]},{"@type":"BreadcrumbList","@id":"https:\/\/www.christellehide.com\/index.php\/pratiques-narratives\/#breadcrumb","itemListElement":[{"@type":"ListItem","position":1,"name":"Accueil","item":"https:\/\/www.christellehide.com\/index.php\/christelle-hide\/"},{"@type":"ListItem","position":2,"name":"Pratiques narratives"}]}]}},"_links":{"self":[{"href":"https:\/\/www.christellehide.com\/index.php\/wp-json\/wp\/v2\/pages\/71"}],"collection":[{"href":"https:\/\/www.christellehide.com\/index.php\/wp-json\/wp\/v2\/pages"}],"about":[{"href":"https:\/\/www.christellehide.com\/index.php\/wp-json\/wp\/v2\/types\/page"}],"author":[{"embeddable":true,"href":"https:\/\/www.christellehide.com\/index.php\/wp-json\/wp\/v2\/users\/1"}],"replies":[{"embeddable":true,"href":"https:\/\/www.christellehide.com\/index.php\/wp-json\/wp\/v2\/comments?post=71"}],"version-history":[{"count":0,"href":"https:\/\/www.christellehide.com\/index.php\/wp-json\/wp\/v2\/pages\/71\/revisions"}],"wp:attachment":[{"href":"https:\/\/www.christellehide.com\/index.php\/wp-json\/wp\/v2\/media?parent=71"}],"curies":[{"name":"wp","href":"https:\/\/api.w.org\/{rel}","templated":true}]}}